{"id":16,"date":"2017-02-28T23:08:37","date_gmt":"2017-02-28T23:08:37","guid":{"rendered":"https:\/\/pergola.progressionstudios.com\/?page_id=16"},"modified":"2021-08-07T08:57:30","modified_gmt":"2021-08-07T08:57:30","slug":"habitatges","status":"publish","type":"page","link":"https:\/\/habitatgesdelritort.com\/?page_id=16","title":{"rendered":"UNA OPORTUNITAT \u00daNICA"},"content":{"rendered":"\t\t<div data-elementor-type=\"wp-page\" data-elementor-id=\"16\" class=\"elementor elementor-16\" data-elementor-settings=\"[]\">\n\t\t\t\t\t\t\t<div class=\"elementor-section-wrap\">\n\t\t\t\t\t\t\t<section class=\"elementor-section elementor-top-section elementor-element elementor-element-ncyqxnq elementor-section-boxed elementor-section-height-default elementor-section-height-default\" data-id=\"ncyqxnq\" data-element_type=\"section\">\n\t\t\t\t\t\t<div class=\"elementor-container elementor-column-gap-wider\">\n\t\t\t\t\t<div class=\"elementor-column elementor-col-50 elementor-top-column elementor-element elementor-element-imbhyqq\" data-id=\"imbhyqq\" data-element_type=\"column\">\n\t\t\t<div class=\"elementor-widget-wrap elementor-element-populated\">\n\t\t\t\t\t\t\t\t<div class=\"elementor-element elementor-element-yevewzg elementor-widget elementor-widget-heading\" data-id=\"yevewzg\" data-element_type=\"widget\" data-widget_type=\"heading.default\">\n\t\t\t\t<div class=\"elementor-widget-container\">\n\t\t\t<h2 class=\"elementor-heading-title elementor-size-default\">Camprodon - Girona<\/h2>\t\t<\/div>\n\t\t\t\t<\/div>\n\t\t\t\t<div class=\"elementor-element elementor-element-grbfaxp elementor-widget elementor-widget-text-editor\" data-id=\"grbfaxp\" data-element_type=\"widget\" data-widget_type=\"text-editor.default\">\n\t\t\t\t<div class=\"elementor-widget-container\">\n\t\t\t\t\t\t\t\t<h5>La Vall de Camprodon, un entorn de natura, historia i cultura, situada als Pirineus Orientals, a la conflu\u00e8ncia de dos rius, el Ter i el Ritort.<\/h5><h5>La vila de Camprodon es troba en una situaci\u00f3 privilegiada al cor del Pirineus Gironins on la cultura, tradici\u00f3, gastronomia i natura convergeixen per a donar lloc a un dels indrets m\u00e9s pintorescs del pa\u00eds.<\/h5>\t\t\t\t\t\t<\/div>\n\t\t\t\t<\/div>\n\t\t\t\t\t<\/div>\n\t\t<\/div>\n\t\t\t\t<div class=\"elementor-column elementor-col-50 elementor-top-column elementor-element elementor-element-gionwtm\" data-id=\"gionwtm\" data-element_type=\"column\">\n\t\t\t<div class=\"elementor-widget-wrap elementor-element-populated\">\n\t\t\t\t\t\t\t\t<div class=\"elementor-element elementor-element-bydyndb elementor-widget elementor-widget-image\" data-id=\"bydyndb\" data-element_type=\"widget\" data-widget_type=\"image.default\">\n\t\t\t\t<div class=\"elementor-widget-container\">\n\t\t\t\t\t\t\t\t\t\t\t\t\t\t\t<img loading=\"lazy\" decoding=\"async\" width=\"800\" height=\"600\" src=\"https:\/\/habitatgesdelritort.com\/wp-content\/uploads\/2021\/07\/pont-de-camprodon-800x600.jpg\" class=\"attachment-progression-studios-gallery size-progression-studios-gallery\" alt=\"\" \/>\t\t\t\t\t\t\t\t\t\t\t\t\t\t\t<\/div>\n\t\t\t\t<\/div>\n\t\t\t\t\t<\/div>\n\t\t<\/div>\n\t\t\t\t\t\t\t<\/div>\n\t\t<\/section>\n\t\t\t\t<section class=\"elementor-section elementor-top-section elementor-element elementor-element-dtadgse elementor-section-boxed elementor-section-height-default elementor-section-height-default\" data-id=\"dtadgse\" data-element_type=\"section\" data-settings=\"{&quot;background_background&quot;:&quot;classic&quot;}\">\n\t\t\t\t\t\t<div class=\"elementor-container elementor-column-gap-wider\">\n\t\t\t\t\t<div class=\"elementor-column elementor-col-50 elementor-top-column elementor-element elementor-element-pwcrjwi\" data-id=\"pwcrjwi\" data-element_type=\"column\">\n\t\t\t<div class=\"elementor-widget-wrap elementor-element-populated\">\n\t\t\t\t\t\t\t\t<div class=\"elementor-element elementor-element-thkjzcb elementor-widget elementor-widget-image\" data-id=\"thkjzcb\" data-element_type=\"widget\" data-widget_type=\"image.default\">\n\t\t\t\t<div class=\"elementor-widget-container\">\n\t\t\t\t\t\t\t\t\t\t\t\t\t\t\t<img loading=\"lazy\" decoding=\"async\" width=\"800\" height=\"600\" src=\"https:\/\/habitatgesdelritort.com\/wp-content\/uploads\/2021\/07\/Exterior_01-800x600.jpg\" class=\"attachment-progression-studios-gallery size-progression-studios-gallery\" alt=\"\" srcset=\"https:\/\/habitatgesdelritort.com\/wp-content\/uploads\/2021\/07\/Exterior_01-800x600.jpg 800w, https:\/\/habitatgesdelritort.com\/wp-content\/uploads\/2021\/07\/Exterior_01-300x225.jpg 300w, https:\/\/habitatgesdelritort.com\/wp-content\/uploads\/2021\/07\/Exterior_01-1024x768.jpg 1024w, https:\/\/habitatgesdelritort.com\/wp-content\/uploads\/2021\/07\/Exterior_01-768x576.jpg 768w, https:\/\/habitatgesdelritort.com\/wp-content\/uploads\/2021\/07\/Exterior_01-1536x1152.jpg 1536w, https:\/\/habitatgesdelritort.com\/wp-content\/uploads\/2021\/07\/Exterior_01-1200x900.jpg 1200w, https:\/\/habitatgesdelritort.com\/wp-content\/uploads\/2021\/07\/Exterior_01.jpg 2000w\" sizes=\"auto, (max-width: 800px) 100vw, 800px\" \/>\t\t\t\t\t\t\t\t\t\t\t\t\t\t\t<\/div>\n\t\t\t\t<\/div>\n\t\t\t\t\t<\/div>\n\t\t<\/div>\n\t\t\t\t<div class=\"elementor-column elementor-col-50 elementor-top-column elementor-element elementor-element-fkmyhko\" data-id=\"fkmyhko\" data-element_type=\"column\">\n\t\t\t<div class=\"elementor-widget-wrap elementor-element-populated\">\n\t\t\t\t\t\t\t\t<div class=\"elementor-element elementor-element-gtpqwfo elementor-widget elementor-widget-heading\" data-id=\"gtpqwfo\" data-element_type=\"widget\" data-widget_type=\"heading.default\">\n\t\t\t\t<div class=\"elementor-widget-container\">\n\t\t\t<h2 class=\"elementor-heading-title elementor-size-default\">Descripci\u00f3 dels Habitatges<\/h2>\t\t<\/div>\n\t\t\t\t<\/div>\n\t\t\t\t<div class=\"elementor-element elementor-element-zxfpicu elementor-widget elementor-widget-text-editor\" data-id=\"zxfpicu\" data-element_type=\"widget\" data-widget_type=\"text-editor.default\">\n\t\t\t\t<div class=\"elementor-widget-container\">\n\t\t\t\t\t\t\t\t<h5><strong>El teu habitatge situat al centre de Camprodon i de la natura.<\/strong><\/h5><h5><strong>\u00a0<\/strong><\/h5><h5>Edifici desenvolupat amb estructura de fusta que segueix tots els c\u00e0nons de la sostenibilitat, ecologia i efici\u00e8ncia energ\u00e8tica. \u00c9s una clara aposta per habitatges concebuts harm\u00f2nicament amb la natura i l\u2019entorn.<\/h5><h5>casa acollidora i saludable \u00a0<\/h5><h5>Habitatges sostenibles que ofereixen el caliu d\u2019un material natural i 100% ecol\u00f2gic. El sistema constructiu amb fusta estructural ecol\u00f2gica permet assolir uns nivells de confort dif\u00edcils d\u2019assolir amb la construcci\u00f3 tradicional.<\/h5><h5>casa ecol\u00f2gica<\/h5><h5>La fusta treballada en la construcci\u00f3 \u00e9s sin\u00f2nim de cases i estructures ecol\u00f2giques que fomenten el respecte amb el medi ambient. Tota la fusta utilitzada prov\u00e9 de boscos acreditats per al cultiu per a la construcci\u00f3, amb un comprom\u00eds garantit de reforestaci\u00f3.<\/h5><h5>casa eficient, casa passiva<\/h5><h5>La fusta \u00e9s un material a\u00efllant per naturalesa. El seu \u00fas assegura unes temperatures interiors confortables tant a l\u2019estiu com a l\u2019hivern. Els criteris de casa passiva amb els que est\u00e0 concebuda l\u2019edificaci\u00f3, garanteixen un estalvi energ\u00e8tic molt important.<\/h5><h5>Una llar acollidora, ecol\u00f2gica, eficient energ\u00e8ticament i amb vistes a un entorn privilegiat.<\/h5><h5>4 pisos i 2 d\u00faplex ofereixen una diversitat de distribucions que s\u2019adapten a diferents necessitats, sempre donant el m\u00e0xim de qualitat en els acabats i les instal\u00b7lacions m\u00e9s eficients.<\/h5><p>\u00a0<\/p>\t\t\t\t\t\t<\/div>\n\t\t\t\t<\/div>\n\t\t\t\t\t<\/div>\n\t\t<\/div>\n\t\t\t\t\t\t\t<\/div>\n\t\t<\/section>\n\t\t\t\t<section class=\"elementor-section elementor-top-section elementor-element elementor-element-lanyqdi elementor-section-full_width elementor-section-height-default elementor-section-height-default\" data-id=\"lanyqdi\" data-element_type=\"section\">\n\t\t\t\t\t\t<div class=\"elementor-container elementor-column-gap-no\">\n\t\t\t\t\t<div class=\"elementor-column elementor-col-100 elementor-top-column elementor-element elementor-element-ftshogq\" data-id=\"ftshogq\" data-element_type=\"column\">\n\t\t\t<div class=\"elementor-widget-wrap elementor-element-populated\">\n\t\t\t\t\t\t\t\t<div class=\"elementor-element elementor-element-4df65b1 elementor-widget elementor-widget-image\" data-id=\"4df65b1\" data-element_type=\"widget\" data-widget_type=\"image.default\">\n\t\t\t\t<div class=\"elementor-widget-container\">\n\t\t\t\t\t\t\t\t\t\t\t\t\t\t\t<img loading=\"lazy\" decoding=\"async\" width=\"2560\" height=\"1597\" src=\"https:\/\/habitatgesdelritort.com\/wp-content\/uploads\/2021\/08\/ATH_EMPLAZAM-scaled.jpg\" class=\"attachment-full size-full\" alt=\"\" srcset=\"https:\/\/habitatgesdelritort.com\/wp-content\/uploads\/2021\/08\/ATH_EMPLAZAM-scaled.jpg 2560w, https:\/\/habitatgesdelritort.com\/wp-content\/uploads\/2021\/08\/ATH_EMPLAZAM-300x187.jpg 300w, https:\/\/habitatgesdelritort.com\/wp-content\/uploads\/2021\/08\/ATH_EMPLAZAM-1024x639.jpg 1024w, https:\/\/habitatgesdelritort.com\/wp-content\/uploads\/2021\/08\/ATH_EMPLAZAM-768x479.jpg 768w, https:\/\/habitatgesdelritort.com\/wp-content\/uploads\/2021\/08\/ATH_EMPLAZAM-1536x958.jpg 1536w, https:\/\/habitatgesdelritort.com\/wp-content\/uploads\/2021\/08\/ATH_EMPLAZAM-2048x1278.jpg 2048w, https:\/\/habitatgesdelritort.com\/wp-content\/uploads\/2021\/08\/ATH_EMPLAZAM-1200x749.jpg 1200w, https:\/\/habitatgesdelritort.com\/wp-content\/uploads\/2021\/08\/ATH_EMPLAZAM-800x499.jpg 800w\" sizes=\"auto, (max-width: 2560px) 100vw, 2560px\" \/>\t\t\t\t\t\t\t\t\t\t\t\t\t\t\t<\/div>\n\t\t\t\t<\/div>\n\t\t\t\t<div class=\"elementor-element elementor-element-a733f8f elementor-widget elementor-widget-image\" data-id=\"a733f8f\" data-element_type=\"widget\" data-widget_type=\"image.default\">\n\t\t\t\t<div class=\"elementor-widget-container\">\n\t\t\t\t\t\t\t\t\t\t\t\t\t\t\t<img loading=\"lazy\" decoding=\"async\" width=\"2560\" height=\"1632\" src=\"https:\/\/habitatgesdelritort.com\/wp-content\/uploads\/2021\/07\/pont-de-camprodon-scaled.jpg\" class=\"attachment-full size-full\" alt=\"\" srcset=\"https:\/\/habitatgesdelritort.com\/wp-content\/uploads\/2021\/07\/pont-de-camprodon-scaled.jpg 2560w, https:\/\/habitatgesdelritort.com\/wp-content\/uploads\/2021\/07\/pont-de-camprodon-300x191.jpg 300w, https:\/\/habitatgesdelritort.com\/wp-content\/uploads\/2021\/07\/pont-de-camprodon-1024x653.jpg 1024w, https:\/\/habitatgesdelritort.com\/wp-content\/uploads\/2021\/07\/pont-de-camprodon-768x490.jpg 768w, https:\/\/habitatgesdelritort.com\/wp-content\/uploads\/2021\/07\/pont-de-camprodon-1536x979.jpg 1536w, https:\/\/habitatgesdelritort.com\/wp-content\/uploads\/2021\/07\/pont-de-camprodon-2048x1306.jpg 2048w, https:\/\/habitatgesdelritort.com\/wp-content\/uploads\/2021\/07\/pont-de-camprodon-1200x765.jpg 1200w, https:\/\/habitatgesdelritort.com\/wp-content\/uploads\/2021\/07\/pont-de-camprodon-800x510.jpg 800w\" sizes=\"auto, (max-width: 2560px) 100vw, 2560px\" \/>\t\t\t\t\t\t\t\t\t\t\t\t\t\t\t<\/div>\n\t\t\t\t<\/div>\n\t\t\t\t\t<\/div>\n\t\t<\/div>\n\t\t\t\t\t\t\t<\/div>\n\t\t<\/section>\n\t\t\t\t<section class=\"elementor-section elementor-top-section elementor-element elementor-element-nvhbual elementor-section-full_width elementor-section-height-default elementor-section-height-default\" data-id=\"nvhbual\" data-element_type=\"section\" data-settings=\"{&quot;background_background&quot;:&quot;classic&quot;}\">\n\t\t\t\t\t\t<div class=\"elementor-container elementor-column-gap-wider\">\n\t\t\t\t\t<div class=\"elementor-column elementor-col-100 elementor-top-column elementor-element elementor-element-uvybmkw\" data-id=\"uvybmkw\" data-element_type=\"column\">\n\t\t\t<div class=\"elementor-widget-wrap elementor-element-populated\">\n\t\t\t\t\t\t\t\t<div class=\"elementor-element elementor-element-vytiwns elementor-widget elementor-widget-heading\" data-id=\"vytiwns\" data-element_type=\"widget\" data-widget_type=\"heading.default\">\n\t\t\t\t<div class=\"elementor-widget-container\">\n\t\t\t<h2 class=\"elementor-heading-title elementor-size-default\">\u00bfInteressat?<\/h2>\t\t<\/div>\n\t\t\t\t<\/div>\n\t\t\t\t<div class=\"elementor-element elementor-element-rwnpyay elementor-widget elementor-widget-heading\" data-id=\"rwnpyay\" data-element_type=\"widget\" data-widget_type=\"heading.default\">\n\t\t\t\t<div class=\"elementor-widget-container\">\n\t\t\t<h1 class=\"elementor-heading-title elementor-size-default\">contacta'ns ara<\/h1>\t\t<\/div>\n\t\t\t\t<\/div>\n\t\t\t\t<div class=\"elementor-element elementor-element-oazfrcj elementor-align-center elementor-widget elementor-widget-button\" data-id=\"oazfrcj\" data-element_type=\"widget\" data-widget_type=\"button.default\">\n\t\t\t\t<div class=\"elementor-widget-container\">\n\t\t\t\t\t<div class=\"elementor-button-wrapper\">\n\t\t\t<a href=\"https:\/\/habitatgesdelritort.com\/?page_id=152\" class=\"elementor-button-link elementor-button elementor-size-xl\" role=\"button\">\n\t\t\t\t\t\t<span class=\"elementor-button-content-wrapper\">\n\t\t\t\t\t\t<span class=\"elementor-button-icon elementor-align-icon-left\">\n\t\t\t\t<i aria-hidden=\"true\" class=\"far fa-address-card\"><\/i>\t\t\t<\/span>\n\t\t\t\t\t\t<span class=\"elementor-button-text\">contacte<\/span>\n\t\t<\/span>\n\t\t\t\t\t<\/a>\n\t\t<\/div>\n\t\t\t\t<\/div>\n\t\t\t\t<\/div>\n\t\t\t\t\t<\/div>\n\t\t<\/div>\n\t\t\t\t\t\t\t<\/div>\n\t\t<\/section>\n\t\t\t\t\t\t<\/div>\n\t\t\t\t\t<\/div>\n\t\t","protected":false},"excerpt":{"rendered":"<p>Camprodon &#8211; Girona La Vall de Camprodon, un entorn de natura, historia i cultura, situada als Pirineus Orientals, a la conflu\u00e8ncia de dos rius, el Ter i el Ritort. La vila de Camprodon es troba en una situaci\u00f3 privilegiada al cor del Pirineus Gironins on la cultura, tradici\u00f3, gastronomia i natura convergeixen per a donar [&hellip;]<\/p>\n","protected":false},"author":1,"featured_media":0,"parent":0,"menu_order":0,"comment_status":"closed","ping_status":"closed","template":"","meta":{"footnotes":""},"class_list":["post-16","page","type-page","status-publish","hentry"],"yoast_head":"<!-- This site is optimized with the Yoast SEO plugin v16.7 - https:\/\/yoast.com\/wordpress\/plugins\/seo\/ -->\n<title>UNA OPORTUNITAT \u00daNICA - Habitatges del Riutort<\/title>\n<meta name=\"robots\" content=\"index, follow, max-snippet:-1, max-image-preview:large, max-video-preview:-1\" \/>\n<link rel=\"canonical\" href=\"https:\/\/habitatgesdelritort.com\/?page_id=16\" \/>\n<meta property=\"og:locale\" content=\"es_ES\" \/>\n<meta property=\"og:type\" content=\"article\" \/>\n<meta property=\"og:title\" content=\"UNA OPORTUNITAT \u00daNICA - Habitatges del Riutort\" \/>\n<meta property=\"og:description\" content=\"Camprodon &#8211; Girona La Vall de Camprodon, un entorn de natura, historia i cultura, situada als Pirineus Orientals, a la conflu\u00e8ncia de dos rius, el Ter i el Ritort. La vila de Camprodon es troba en una situaci\u00f3 privilegiada al cor del Pirineus Gironins on la cultura, tradici\u00f3, gastronomia i natura convergeixen per a donar [&hellip;]\" \/>\n<meta property=\"og:url\" content=\"https:\/\/habitatgesdelritort.com\/?page_id=16\" \/>\n<meta property=\"og:site_name\" content=\"Habitatges del Riutort\" \/>\n<meta property=\"article:modified_time\" content=\"2021-08-07T08:57:30+00:00\" \/>\n<meta property=\"og:image\" content=\"https:\/\/habitatgesdelritort.com\/wp-content\/uploads\/2021\/07\/pont-de-camprodon-800x600.jpg\" \/>\n<meta name=\"twitter:card\" content=\"summary_large_image\" \/>\n<meta name=\"twitter:label1\" content=\"Tiempo de lectura\" \/>\n\t<meta name=\"twitter:data1\" content=\"3 minutos\" \/>\n<script type=\"application\/ld+json\" class=\"yoast-schema-graph\">{\"@context\":\"https:\/\/schema.org\",\"@graph\":[{\"@type\":\"WebSite\",\"@id\":\"https:\/\/habitatgesdelritort.com\/#website\",\"url\":\"https:\/\/habitatgesdelritort.com\/\",\"name\":\"Habitatges del Riutort\",\"description\":\"\",\"potentialAction\":[{\"@type\":\"SearchAction\",\"target\":{\"@type\":\"EntryPoint\",\"urlTemplate\":\"https:\/\/habitatgesdelritort.com\/?s={search_term_string}\"},\"query-input\":\"required name=search_term_string\"}],\"inLanguage\":\"es\"},{\"@type\":\"ImageObject\",\"@id\":\"https:\/\/habitatgesdelritort.com\/?page_id=16#primaryimage\",\"inLanguage\":\"es\",\"url\":\"https:\/\/habitatgesdelritort.com\/wp-content\/uploads\/2021\/07\/pont-de-camprodon-800x600.jpg\",\"contentUrl\":\"https:\/\/habitatgesdelritort.com\/wp-content\/uploads\/2021\/07\/pont-de-camprodon-800x600.jpg\"},{\"@type\":\"WebPage\",\"@id\":\"https:\/\/habitatgesdelritort.com\/?page_id=16#webpage\",\"url\":\"https:\/\/habitatgesdelritort.com\/?page_id=16\",\"name\":\"UNA OPORTUNITAT \\u00daNICA - Habitatges del Riutort\",\"isPartOf\":{\"@id\":\"https:\/\/habitatgesdelritort.com\/#website\"},\"primaryImageOfPage\":{\"@id\":\"https:\/\/habitatgesdelritort.com\/?page_id=16#primaryimage\"},\"datePublished\":\"2017-02-28T23:08:37+00:00\",\"dateModified\":\"2021-08-07T08:57:30+00:00\",\"breadcrumb\":{\"@id\":\"https:\/\/habitatgesdelritort.com\/?page_id=16#breadcrumb\"},\"inLanguage\":\"es\",\"potentialAction\":[{\"@type\":\"ReadAction\",\"target\":[\"https:\/\/habitatgesdelritort.com\/?page_id=16\"]}]},{\"@type\":\"BreadcrumbList\",\"@id\":\"https:\/\/habitatgesdelritort.com\/?page_id=16#breadcrumb\",\"itemListElement\":[{\"@type\":\"ListItem\",\"position\":1,\"name\":\"Inici\",\"item\":\"https:\/\/habitatgesdelritort.com\/\"},{\"@type\":\"ListItem\",\"position\":2,\"name\":\"UNA OPORTUNITAT \\u00daNICA\"}]}]}<\/script>\n<!-- \/ Yoast SEO plugin. -->","yoast_head_json":{"title":"UNA OPORTUNITAT \u00daNICA - Habitatges del Riutort","robots":{"index":"index","follow":"follow","max-snippet":"max-snippet:-1","max-image-preview":"max-image-preview:large","max-video-preview":"max-video-preview:-1"},"canonical":"https:\/\/habitatgesdelritort.com\/?page_id=16","og_locale":"es_ES","og_type":"article","og_title":"UNA OPORTUNITAT \u00daNICA - Habitatges del Riutort","og_description":"Camprodon &#8211; Girona La Vall de Camprodon, un entorn de natura, historia i cultura, situada als Pirineus Orientals, a la conflu\u00e8ncia de dos rius, el Ter i el Ritort. La vila de Camprodon es troba en una situaci\u00f3 privilegiada al cor del Pirineus Gironins on la cultura, tradici\u00f3, gastronomia i natura convergeixen per a donar [&hellip;]","og_url":"https:\/\/habitatgesdelritort.com\/?page_id=16","og_site_name":"Habitatges del Riutort","article_modified_time":"2021-08-07T08:57:30+00:00","og_image":[{"url":"https:\/\/habitatgesdelritort.com\/wp-content\/uploads\/2021\/07\/pont-de-camprodon-800x600.jpg"}],"twitter_card":"summary_large_image","twitter_misc":{"Tiempo de lectura":"3 minutos"},"schema":{"@context":"https:\/\/schema.org","@graph":[{"@type":"WebSite","@id":"https:\/\/habitatgesdelritort.com\/#website","url":"https:\/\/habitatgesdelritort.com\/","name":"Habitatges del Riutort","description":"","potentialAction":[{"@type":"SearchAction","target":{"@type":"EntryPoint","urlTemplate":"https:\/\/habitatgesdelritort.com\/?s={search_term_string}"},"query-input":"required name=search_term_string"}],"inLanguage":"es"},{"@type":"ImageObject","@id":"https:\/\/habitatgesdelritort.com\/?page_id=16#primaryimage","inLanguage":"es","url":"https:\/\/habitatgesdelritort.com\/wp-content\/uploads\/2021\/07\/pont-de-camprodon-800x600.jpg","contentUrl":"https:\/\/habitatgesdelritort.com\/wp-content\/uploads\/2021\/07\/pont-de-camprodon-800x600.jpg"},{"@type":"WebPage","@id":"https:\/\/habitatgesdelritort.com\/?page_id=16#webpage","url":"https:\/\/habitatgesdelritort.com\/?page_id=16","name":"UNA OPORTUNITAT \u00daNICA - Habitatges del Riutort","isPartOf":{"@id":"https:\/\/habitatgesdelritort.com\/#website"},"primaryImageOfPage":{"@id":"https:\/\/habitatgesdelritort.com\/?page_id=16#primaryimage"},"datePublished":"2017-02-28T23:08:37+00:00","dateModified":"2021-08-07T08:57:30+00:00","breadcrumb":{"@id":"https:\/\/habitatgesdelritort.com\/?page_id=16#breadcrumb"},"inLanguage":"es","potentialAction":[{"@type":"ReadAction","target":["https:\/\/habitatgesdelritort.com\/?page_id=16"]}]},{"@type":"BreadcrumbList","@id":"https:\/\/habitatgesdelritort.com\/?page_id=16#breadcrumb","itemListElement":[{"@type":"ListItem","position":1,"name":"Inici","item":"https:\/\/habitatgesdelritort.com\/"},{"@type":"ListItem","position":2,"name":"UNA OPORTUNITAT \u00daNICA"}]}]}},"_links":{"self":[{"href":"https:\/\/habitatgesdelritort.com\/index.php?rest_route=\/wp\/v2\/pages\/16","targetHints":{"allow":["GET"]}}],"collection":[{"href":"https:\/\/habitatgesdelritort.com\/index.php?rest_route=\/wp\/v2\/pages"}],"about":[{"href":"https:\/\/habitatgesdelritort.com\/index.php?rest_route=\/wp\/v2\/types\/page"}],"author":[{"embeddable":true,"href":"https:\/\/habitatgesdelritort.com\/index.php?rest_route=\/wp\/v2\/users\/1"}],"replies":[{"embeddable":true,"href":"https:\/\/habitatgesdelritort.com\/index.php?rest_route=%2Fwp%2Fv2%2Fcomments&post=16"}],"version-history":[{"count":43,"href":"https:\/\/habitatgesdelritort.com\/index.php?rest_route=\/wp\/v2\/pages\/16\/revisions"}],"predecessor-version":[{"id":855,"href":"https:\/\/habitatgesdelritort.com\/index.php?rest_route=\/wp\/v2\/pages\/16\/revisions\/855"}],"wp:attachment":[{"href":"https:\/\/habitatgesdelritort.com\/index.php?rest_route=%2Fwp%2Fv2%2Fmedia&parent=16"}],"curies":[{"name":"wp","href":"https:\/\/api.w.org\/{rel}","templated":true}]}}